 -8))?
-82
(-27 - 4) + -14 - 29
-74
Calculate -11 + 16 + -3 + -29 - 27.
-54
(-355 - -307 - (-20 + 3)) + -44
-75
Calculate (5 - (-16 - -23)) + (-10 + 7 - -3).
-2
Calculate -7 - (66 + -8 + 10 + 3 + 6).
-84
-33 + (-34 - -16) + -65 + 97
-19
What is the value of 21 + 0 + 1 - (-3 + 40 - (199 + -159))?
25
What is the value of -14 + -2 + -1 + (9 - -23 - 25) + -8?
-18
What is 71 + (-4 - -17 - (8 + 3)) - 20?
53
Evaluate (67 - 29 - 58) + (12 - 1) + 13.
4
What is the value of (7 - -149) + -5 + -13 + -16 + 14?
136
Calculate 1 + 77 - (-10676 + 10604).
150
What is -71 + 109 + -104 + 60?
-6
What is the value of -16 + -22 + -107 + (-21 - -48)?
-118
Evaluate (51 + -3 - -4) + -24 + (21 - 11) + 9.
47
What is the value of -46 + (43 - (-73 - -37))?
33
Evaluate (10 + (7 - (3 - -7)) - (1 + 7)) + 52.
51
Calculate (24 - 27) + (-16 - 8) + 22.
-5
Calculate -22 + -38 + 120 - 91.
-31
Evaluate 170 - 217 - (7 - 22).
-32
What is the value of -2951 - -2965 - (0 + 0 - -16) - 71?
-73
What is the value of 23 - (1 + 5 + -13) - (9 + -1)?
22
Calculate -2 - -5 - (-51 + 1 + 1) - (816 + -826).
62
Evaluate 8 - (-10 - (-32 - (12 + -3 + 4))).
-27
Evaluate (-69 - (37 - 84)) + -43.
-65
What is the value of (5 - (-14 - -19 - -14)) + 9 + 0 - 18?
-23
0 - (13 - 11) - (68 - (17 + -5))
-58
22 + 97 - (-49 - -159)
9
What is -1 + -1 + -37 - (-99 - (60 + (-47 - 127)))?
-54
What is the value of 73 - (-9 + (47 - 27))?
62
19 + (33 - (112 - 23)) - 36
-73
Evaluate (-404 - -432) + (-56 - -3).
-25
Calculate (414 - 433) + -9 + 13 + -80.
-95
(-66 + -4 - (-375 + 373)) + -50
-118
Evaluate 0 + (-11 - (-4 + 12)) + 14.
-5
What is the value of -11 + 40 + 18 - 13 - 10?
24
What is the value of -71 + (66 - 0) + 1 + -10 + 91 + -5?
72
What is the value of 17 - (-17 + 34) - (-23 - (-11 - (-6 + 0)))?
18
Evaluate 163 + -15 + -74 + 2 + -1.
75
Calculate -47 + 49 + (-27 - 5) + 37.
7
What is the value of 19 - (-38 - -10) - 32?
15
Calculate -94 + 34 + -147 + 331.
124
What is the value of -82 + (26 - (10 + 2 + 7 + -8))?
-67
What is -5 + 45 - (9 + 7 + -20 - 5)?
49
Calculate -13 + 45 + -10 - (74 + -3).
-49
What is -1 - 4 - (1 - -8 - (261 - 213))?
34
Evaluate (-401 - -406 - (0 - 3)) + -77.
-69
What is 18 + (-8 - (11 - 5)) - (-21 - 0)?
25
Calculate -35 - -25 - (-7 + 9 + -9 - 59).
56
23 + (-44 - (-1 - 28)) - 28
-20
109 + -131 + -3 + -4 - -26
-3
Calculate (18 - (-54 + 70)) + 11 + -2 - 10.
1
Calculate -11 + 59 + -276 + 223 + (0 - -70).
65
What is -696 + 674 - (0 + -39)?
17
5 + (54 - 116) - -27
-30
Calculate -6 - (-8 - -7) - (-136 + 97).
34
Evaluate 29 - (-38 + 69 + -6 - 71).
75
(-418 - -439) + (1 - 2 - (8 - 9))
21
Evaluate 3 + 111 - (-13 + -15 + 46).
96
Evaluate -7 - (0 + -1) - (240 - (142 + 152)).
48
Evaluate 18 + 47 + (214 - 250).
29
Evaluate 1 - (-14 + 16 + 55) - -10.
-46
What is -225 + 116 + (23 - 45 - -1)?
-130
What is the value of (-2 + 1 + (53 - 40) - (-7 - 89)) + 7?
115
What is (18 - 35) + 88 + -15?
56
Calculate -5 - -2 - (-52 + -54 - -116).
-13
Calculate 84 + 3 + -1198 + 1023.
-88
What is 12 + (-21 - (-1 - 7)) + 16?
15
Calculate (-2 + -41 - -13) + (65 - 136).
-101
Calculate 27 + (16 + (-8 - (21 + 0)) - (4 + -32)).
42
Calculate 21 + 25 + -47 + -18 - 20.
-39
What is the value of 7 + 6 + (1 - (-17 + -82)) + 5 + -12?
106
What is the value of -89 - 98 - (-2 + -67)?
-118
What is -1 - ((-3 - -1) + 5) - (-57 + 35 - -68)?
-50
Evaluate -629 + 631 - (-49 + 2).
49
What is the value of (44 - 9 - 38 - (3 - 0)) + 27?
21
What is -26 + (96 - 32) - -8?
46
Calculate (21 - 5 - -6) + (-5 - -2).
19
Calculate 74 - 97 - (-18 - 38).
33
Evaluate 32 - ((33 - 22) + 38).
-17
(1 - -61) + (-771 - -786)
77
What is -994 + 990 - (0 - 55)?
51
Calculate 7 + (11 + 3 - (49 + -38 - -71)).
-61
Evaluate 3 - 45 - 7 - (-35 + 24 + -5).
-33
What is the value of -1 + 9 + (-96 - (2 - (-5 + 27 - 21)))?
-89
Evaluate (-23 - -46 - -9 - -15) + 8.
55
Evaluate 47 - (22 + 74 + -48).
-1
What is the value of (196 - 83 - 247) + 59?
-75
Calculate 24 - (2 + -52 + 38).
36
Calculate 95 + -312 + 90 + 130.
3
What is the value of -14 + 0 - (13 - 3 - -1 - (1041 + -1048))?
-32
Evaluate 3 - ((-22 - -37) + (8 - (9 + 6 + -9))).
-14
What is 12 + -2 + (1 - -2) + (1014 - 1159)?
-132
What is 2 + 1 - (89 - (10 + -20) - 28) - -4?
-64
What is (-39 - (-12 - 8)) + -26?
-45
(26 - 23) + (43 - 7 - ((5 - 8) + 5))
37
What is the value of -25 + -53 + 50 + 15?
-13
Evaluate (-6 - 2) + (7 - (13 + -4)) + 30 + 9.
29
-1 + 13 + -402 + 397
7
Evaluate 64 - (102 + -29 + -80).
71
(1247 + -1244 - (0 + -24)) + -4
23
Calculate -23 - (-22 + -8) - -9 - (-1 - -14).
3
Calculate (-58 - (13 + -14 + 20)) + (-14 - 2).
-93
3 + 3 + (17 + 2 + 17 - 18)
24
Evaluate 128 + -149 + 45 + 2.
26
Evaluate -28 - (20 + -35) - (2 + -29 + 2 + 7).
5
Calculate 3 - (8 + -23 + (4 - 6) + 8 - 2).
14
Calculate -21 - (-6 + 1 + 4 + -5 + 15).
-30
What is 10 + (-17 - (-25 + -12) - 4) + 6?
32
What is the value of -45 + -25 - -9 - -56?
-5
Evaluate 40 + (-98 - 31) + 5 - (19 - -1).
-104
-19 - 5 - (-115 - (-34 + -1))
56
(28 - -97) + -48 + -142
-65
Calculate 39 - ((14 - 6) + -16 + (15 - 3)).
35
What is the value of -14 + (23 - (8 - (-16 - -14))) + -3?
-4
Calculate 13 + (-10 - -1) + -10 + (3 - 0) + -36.
-39
7 - -13 - (-9 - (-18 - 6) - 9)
14
Evaluate -31 + -54 + -15 + 62.
-38
Evaluate -10 - 2 - (-307 - -314).
-19
Evaluate (-14 - -7 - (20 + -7 + -2 + 32)) + -2.
-52
Calculate 2 - 1 - (-84 + 69).
16
-13 + -158 - -54 - -56
-61
Evaluate -76 + (97 + -46 - 23).
-48
What is (-1 - (-5 - (10 - (35 + -8)))) + 33?
20
Evaluate -22 + (4 - (8 - 7)) - 5.
-24
What is (-15 - 6) + (41 - -10 - 7)?
23
What is the value of -30 - -1 - (-3799 - -3769)?
1
What is the value of (10 - 1) + 6 - (-4 - 19 - -134)?
-96
(1 - -3 - 10) + -84 - ((7 - 4) + -6)
-87
What is -30 + 1 + -1 + 2 + (84 - (86 - 6))?
-24
Evaluate 8 + -4 + -18 + 16 + -13 + 50.
39
Calculate 31 - 10 - (99 + -16 - 10).
-52
-13 + 27 + 36 - 7
43
What is the value of (1 + 0 - 7) + (49 - (-63 - -65))?
41
-21 + 23 + -20 + -11 + 9
-20
Calculate 95 + -78 + -44 + -98 + -10.
-135
7 - 3 - 28 - (-14 + 9 + 12)
-31
Calculate -1 + (-33 - (17 - (13 - 5))) + -8 - 6.
-57
What is -168 + 116 - (-22 + -6)?
-24
(-61 - (32 - 43)) + (18 - -12)
-20
Evaluate 12 - (0 + 15 - (44 + 78 + -130)).
-11
Calculate (-219 - 17) + 204 - (-2 + -115).
85
Evaluate 9 + 27 - (-716 - -665).
87
Calculate (20 - 22) + (5 - -2) + -1 - 7 - 14.
-17
Evaluate -111 + 78 - 70 - -30.
-73
What is the value of (0 + (1 + -12 - -13) - 7) + 7?
2
What is -21 - -3 - ((-30 - -29) + -45)?
28
Calculate 71 + 10 + (-51 - -73).
103
(9 - -2) + (-14 - -18 - 16 - -34 - 9)
24
Calculate -37 + 46 + -58 + 68.
19
Evaluate (-84 + 124 - 30) + -24 + 0.
-14
-7 + (13 - (-1 - -17) - (0 + -25) - 10)
5
What is the value of -33 - (-250 - -248) - (1 - (10 + -2 - -2))?
-22
Evaluate -88 - 1 - (2367 + -2468).
12
Calculate -13 + -8 - ((12 - 1) + (18 - 16)).
-34
12 + 2 + -30 + 19 - (2 - 8) - -5
14
Evaluate (4 - 5) + (-40 - -41).
0
Evaluate 13 + (-9 - (4 + -24) - 16 - -13).
21
((2 - -2) + -10 - 2) + (3 - (11 + -16))
0
Evaluate (-35 + -29 - -14) + (-3 + 10 - (16 + 1)).
-60
Calculate -1 + 111 - (-7318 + 7481).
-53
-14 + (60 - 23) + -57
-34
What is -55 + 97 + (-56 - -1)?
-13
3 + -42 - (-231 + 215)
-23
Evaluate (-6 - (4 - 1) - -4) + 6 + -36.
-35
Calculate -53 + 26 + 71 - -6.
50
What is the value of (-19 - (-7 + 4 + -17)) + (1 - -7) + -1?
8
64 - 1 - (-1636 + 1691)
8
What is the value of (-5 - -2) + 6 + 41 + (-1660 - -1676)?
60
-2 + (8 - -15 - -55) + (-4 - 4)
68
Calculate -80 + (-22 + 6 - 8) - -37.
-67
Evaluate 10 + 3 - 3 - ((-86 - -12) + -10 + 22).
72
Evaluate 12 + (-8 - ((-15 - -8) + -70 + -4 - -5)).
80
0 + (10 - 10) + (8 - 3) - -3 - 5
3
What is the value of (50 - 1) + (949 - 980)?
18
-12 - (-32 - ((-55 - -16) + 21))
2
What is -17 + (-36 - 17) - -44?
-26
Evaluate 114 - -1 - ((-5 - -67) + -50 + -29).
132
Calculate 13 + (17 - 97) + 24 + (-5 - 2).
-50
Evaluate -38 + 28 + -24 + 70.
36
What is the value of 233 + -278 - (12 - 82)?
25
What is the value of -20 - 2 - (-2062 + 2057)?
-17
Evaluate 38 + 22 + -30 + -61 + 30.
-1
Evaluate 71 + -43 - ((-3 - -4) + 21).
6
Calculate (-2 - (-12 + -1)) + -50 + 49 + -2 + 8.
16
7 + -6 + -2 - (-20 + (-4 - 7) + -3)
33
Calculate 7 - -12 - (15 + 32).
-28
Calculate (-4 - (16 - -1) - (472 + -484)) + 104.
95
Evaluate -3 + 0 - (-263 + 297).
-37
(2 - 0) + -53 + 59 + 57 + -54 + 119
130
Evaluate (-227 - -